t is the tens digit of h(-30)?
2
Let x(m) = 3*m**2 - 19*m + 19. Let u(s) = 2*s**2 - 10*s + 10. Let a(l) = -5*u(l) + 3*x(l). Let c = -11 + 4. What is the units digit of a(c)?
7
Let c be (1 + -3 - 24)/(-2) + -2. Suppose c*x - 180 = 6*x. What is the tens digit of x?
3
Suppose 0 = -2*f + h + 2, 4*h - 8 = -4*f + 5*h. Let q(i) = 12 + 3*i + 0 - 4*i + f*i. What is the units digit of q(-5)?
2
Suppose 267*t - 277*t + 5090 = 0. What is the units digit of t?
9
Let h(u) = 10*u + 10. Let m(i) = i**2 - 7*i + 12. Let a be m(6). What is the tens digit of h(a)?
7
Suppose 0 = -3*o - 3*a + 6 + 3, -2*a = 10. Let l be 2*(8 - (o + -4)). Let n = l - -3. What is the units digit of n?
1
Suppose -3820 = -4*h + d, 2888 = 3*h - 0*d + 5*d. What is the units digit of h?
6
Suppose -5*a - 21 = 2*k - 0*a, -5*a - 29 = -2*k. Suppose -4*l - k = 2, 5*w = -3*l - 3. Suppose w*b - 3*b = -51. What is the tens digit of b?
1
Let f be -1*(-5 - -3) + -42. Let x = f + 35. What is the units digit of 1 + x/5 + 1?
1
What is the units digit of 140/(-175)*(-930)/4?
6
Let d be 2/3 + (-35)/(-15). Let h(b) be the second derivative of 5*b**4/12 + 5*b**3/6 - 7*b**2/2 - 78*b. What is the tens digit of h(d)?
5
Let a(y) = y**3 - 7*y**2 + y + 16. Let j be a(7). Let f = j - -5. What is the units digit of f?
8
Let j = 221 - 120. Let n = j + -56. What is the units digit of n?
5
Suppose 1136 = 8*c - 0*c. What is the hundreds digit of c?
1
Let g = 1107 + -1084. What is the units digit of g?
3
What is the units digit of 220 - ((-45)/5*-1 - 4)?
5
Suppose 0 = -32*w + 39*w - 21161. What is the hundreds digit of w?
0
Let r = -68 + 197. Let v = -78 + r. What is the units digit of v?
1
Let n be 7 + (-3 + -3)/2. Suppose -n*m = 2*z - 332, 5*m = m + 5*z + 360. Let u = m + -61. What is the units digit of u?
4
Let c = 7627 + -5422. What is the tens digit of c?
0
What is the thousands digit of -480*(203/(-21) - -5)?
2
Let c be 2/4 + (-3)/((-12)/1954). Let s = c + -237. What is the tens digit of s?
5
Let r = 199 + -145. What is the units digit of r?
4
Let q = 15 + -9. Let x be 3/((-45)/q)*-10. Suppose 5*v - 133 = -x*j, -2*v + 4*j + 17 = -v. What is the tens digit of v?
2
Suppose -14 + 188 = -6*t. Let n = t + 118. What is the tens digit of n?
8
Suppose -4*n - 25 = 5*d, -4*d - 17 - 3 = 4*n. Suppose 2*p - 28 - 36 = n. What is the units digit of p?
2
Suppose -2*h - 15203 = -3*p, -10*p + 5085 = -9*p - 5*h. What is the tens digit of p?
6
Suppose -b = -15*b + 5446. What is the hundreds digit of b?
3
Suppose a - 86 = -5*t + 73, -2*a - 98 = -3*t. What is the tens digit of t/48 - (-182)/6?
3
Suppose 4*a = 3*a + 4. Let d = a - 0. Suppose -c - 5*m + 1 + 3 = 0, -4*m - 88 = -d*c. What is the tens digit of c?
1
Suppose -41*g + 42*g = 453. What is the hundreds digit of g?
4
Suppose -4*y = -6 + 2. Let u be ((0/(-1))/y)/(-2). Suppose 2*c - 88 = -4*s, -3*s + u*c + 2*c + 73 = 0. What is the units digit of s?
3
Suppose -4*a = 3*s - 156 - 212, s = 4*a - 352. Let g = -39 + 89. Let j = a - g. What is the tens digit of j?
3
Let h be 357 + (1 + 2 - 3). Suppose -3*k - 36 = -h. What is the tens digit of k?
0
Let j be ((-36)/45)/(4/70). Let p(c) = c**2 + 2*c - 19. Let h be p(j). Suppose 5*z - 202 = 2*s - 10, -h = -4*z - 3*s. What is the tens digit of z?
3
Let i = -42 - -48. What is the tens digit of (i/(-8))/(1 - (-100)/(-96))?
1
Let o = 31 + 2. Suppose -q + 3*a = -30, -3*q + 2*a + o + 78 = 0. What is the tens digit of q?
3
What is the units digit of 3 + -2 + 2503 + 10?
4
Suppose -9 = -w - 6. Suppose -4*p = -2*x - 130, -4*x + 152 = 5*p - w*x. What is the units digit of p?
1
Suppose -110*o = o - 68820. What is the tens digit of o?
2
Suppose 3*y = 5*a + 1571, 3*y + 0*a - a - 1591 = 0. What is the tens digit of y?
3
What is the hundreds digit of ((-1)/2)/((-12018)/(-2004) + -6)?
1
Let z = -66 - -409. Suppose -h + 208 = 4*i - i, -z = -5*i + 2*h. What is the units digit of i?
9
What is the units digit of (-90)/1305 + (-286410)/(-87) + 2?
4
Let p = 16 + -18. What is the units digit of 0 + p/13 + (-613)/(-13)?
7
Suppose 0 = 3*v - 2*a - 1919, v = 3*a + 69 + 559. What is the hundreds digit of v?
6
Let j be (0 - (4 - 3))*-254. Suppose 2*q = -f + 134, 0*q + 3*q = 2*f - j. What is the tens digit of f?
3
Suppose -2*t = 2*t. Suppose 2*n - n - 7 = t. Suppose n*r = 2*r + 45. What is the units digit of r?
9
Let h(z) = -1605*z - 556. What is the thousands digit of h(-3)?
4
Let i(u) = u**3 + 12*u**2 - 13*u + 5. Let t be i(-13). Suppose t*y - 47 = 423. What is the tens digit of y?
9
Let l(f) = 68*f**2 - 12*f - 29. What is the thousands digit of l(5)?
1
Let d = -7 - -11. Let t(n) = n**3 + 4*n**2 - 3*n + 8. Let h be t(-5). What is the tens digit of 52 - (0 + d/h)?
5
Let h = 5 - 23. Let b(v) = -v**3 - 19*v**2 - 19*v - 14. Let u be b(h). What is the tens digit of 114/u*2/3?
1
Let o(r) be the third derivative of 0*r + 0 - 1/24*r**4 + 7/6*r**3 - 5*r**2. What is the units digit of o(-8)?
5
Suppose 3*d + 7 = -2*k + 19, k + 2*d - 5 = 0. Suppose -5*c - k = -4. What is the units digit of 7 + 4/(c + -3)?
6
Suppose 0*j + 745 = 5*j. Suppose -5*z + j = 2*v, -3*v + 3*z = 4*z - 191. What is the units digit of v?
2
Let q(b) = b**2 - 22*b + 20. Let z be q(17). Let f = 109 + z. What is the units digit of f?
4
Let z = -39 - -32. Let s = 37 + z. What is the tens digit of s?
3
What is the tens digit of (32 - 48)*1*-4*24?
3
Let s = 38 - -696. What is the tens digit of s?
3
Suppose 3*i + 2*i = 25. Suppose -i*d + 3*d = -130. What is the units digit of d?
5
Suppose -3*o = 4*a - 42, 19 = 4*a - 4*o - 9. What is the units digit of a?
9
What is the thousands digit of ((-536)/(-10))/(5 - (-495)/(-100))?
1
Let b = 728 + -397. Suppose 149 = 6*i - b. What is the tens digit of i?
8
Let b = 49 - 53. What is the units digit of (-499)/b - (5 + -1)/(-16)?
5
Let z = -866 - -1344. What is the tens digit of z?
7
Let o(a) = -5*a + 7. Let r be o(-3). Suppose 12 = 5*d + r. What is the tens digit of (7 - -50) + (-4)/d?
5
Suppose 0*x + 12 = 2*x. Suppose -2*o - x + 132 = 0. What is the tens digit of o?
6
Suppose -z + 5*s - 795 = -3*z, 4*z + 2*s = 1582. Suppose 2*y + 0*y + z = 5*c, -5*y + 25 = 0. What is the tens digit of c?
8
Let n be (-2 - -2) + (-2 - -4). Let p be (-3)/8*-4*96. Suppose -n*s = s - p. What is the units digit of s?
8
Suppose 2*j = 0, -3*f - 11 + 44 = -5*j. Let q be 2/f - (-64)/11. Suppose 28 = 4*g - q*b + 3*b, 0 = b + 4. What is the units digit of g?
4
Let s = 51 + 108. What is the tens digit of s?
5
Suppose m = 2*f - 355, -m - 340 = -2*f + 3*m. Suppose 5*w = 2*w + f. What is the units digit of w?
0
Suppose 5*i - 10 = -0. Suppose -i*g = -5*f + f - 348, g + 5*f - 139 = 0. What is the units digit of g?
4
Let i = 1517 + -242. What is the units digit of i?
5
What is the units digit of (-2 + 1)*205*-14?
0
Let w be 5 + 5 + -9 + 7. Let x be 54 + 0 - (-6)/3. Suppose w = -3*o + x. What is the units digit of o?
6
Let l = -2 + 23. Suppose 3*o + 3*q = -2*q - 11, -3*o + 3*q = -l. Suppose 4*s + 4*n - 144 = 0, -o*s + 4*n + 120 = 3*n. What is the tens digit of s?
3
Let y = 2 + 1. Suppose -y*u - 3*x = 27, x + 1 = -2*u - 16. Let o(m) = m**2 + 8*m + 2. What is the units digit of o(u)?
2
Suppose -11*l + 6*l + 530 = 0. Suppose 0 = 2*x + 3*p - l, -x = -6*x - p + 239. What is the units digit of x?
7
Let r(j) be the third derivative of 7*j**5/15 - j**4/8 + j**3/2 + 20*j**2. What is the units digit of r(2)?
9
Let k = -13 - -21. What is the tens digit of (k - -1)/(2/30)?
3
Let v be (-1)/(88/(-84) - -1). Let m be (v + -1)*(-108)/(-16). What is the units digit of (-5)/(-10) + m/6?
3
Suppose -2*j + 4*g = 30, j + 3*g = 2*g - 27. Let p = 34 - j. What is the tens digit of p?
5
Suppose y = 2*y - 4. Suppose -x + 506 = 5*j, -4*x - 12 = y. Suppose -j = -4*i + i. What is the tens digit of i?
3
Let v be 18/(-81) - 688/(-18). Suppose -s + v = -0*s. What is the tens digit of s?
3
Suppose -9*z - 1126 + 8452 = 0. What is the units digit of z?
4
Suppose -53 = -6*u + 127. What is the tens digit of ((-6)/9)/((-1)/u)?
2
Let p(h) = 2*h**2 + 5*h + 123. What is the tens digit of p(-18)?
8
Let t(a) be the third derivative of 0 + 0*a + 1/2*a**4 + a**3 - 1/120*a**6 - 4*a**2 + 3/20*a**5. What is the units digit of t(10)?
6
Let z = 145 + -65. Let j(u) = u**3 + 2*u**2 - 7*u - 1. Let i be j(-5). Let y = i + z. What is the units digit of y?
9
What is th